or of 1661880 and 1540.
220
Calculate the highest common factor of 2 and 1297392.
2
What is the highest common divisor of 1710 and 233370?
90
What is the greatest common factor of 2032 and 1227074?
254
Calculate the greatest common divisor of 236559307 and 1103.
1103
Calculate the highest common divisor of 55541991 and 20073.
20073
What is the highest common factor of 159156 and 129?
3
Calculate the highest common divisor of 60 and 318626940.
60
What is the highest common divisor of 1541 and 21721683?
23
What is the highest common divisor of 5193685224 and 1274?
1274
What is the highest common factor of 41777247 and 469?
67
What is the highest common factor of 3791 and 728262473?
3791
Calculate the highest common divisor of 6307 and 7504217.
371
What is the greatest common factor of 82076508 and 6192?
1548
Calculate the highest common factor of 5149725 and 476.
119
Calculate the greatest common factor of 2030 and 51780225.
1015
Calculate the highest common divisor of 1303 and 7780213.
1303
What is the greatest common divisor of 1097411 and 803488?
1477
Calculate the highest common factor of 165916710 and 20.
10
Calculate the greatest common factor of 36617 and 18151.
7
Calculate the highest common divisor of 25472566 and 626.
626
Calculate the greatest common factor of 4046 and 115906.
238
Calculate the greatest common divisor of 402 and 622218.
6
Calculate the greatest common divisor of 9596 and 731124038.
4798
Calculate the greatest common factor of 399 and 3033441.
3
What is the highest common factor of 736008 and 46222920?
8088
What is the greatest common divisor of 677 and 38783299?
677
Calculate the highest common divisor of 150 and 5873025.
75
What is the highest common factor of 496640 and 427520?
2560
What is the highest common factor of 1302 and 49962080?
434
What is the highest common factor of 64113 and 472647?
1491
What is the highest common divisor of 7105525 and 7600?
475
What is the highest common divisor of 445 and 295430071?
89
What is the greatest common factor of 3020554 and 48490?
746
Calculate the highest common divisor of 346 and 137850206.
346
What is the highest common divisor of 3754993 and 4356?
121
What is the highest common factor of 200 and 1889830?
10
Calculate the highest common factor of 29991168 and 297.
27
What is the greatest common factor of 54898122 and 6?
6
What is the highest common divisor of 15060465 and 6615?
945
What is the highest common factor of 696072 and 638664?
7176
What is the greatest common divisor of 540 and 3028440?
60
Calculate the greatest common divisor of 553536 and 70153.
961
What is the highest common divisor of 245 and 532685?
5
What is the highest common factor of 6566 and 111019?
67
Calculate the highest common divisor of 3097566 and 45.
9
What is the highest common factor of 4308624 and 720?
144
What is the greatest common factor of 1675 and 1189650?
25
What is the greatest common divisor of 315963362 and 130?
26
Calculate the highest common factor of 318920 and 57352.
536
Calculate the highest common factor of 79560125 and 1425.
475
What is the greatest common factor of 871150 and 20425?
475
Calculate the highest common divisor of 261 and 2472453.
261
Calculate the highest common factor of 2886 and 5492448.
78
What is the highest common divisor of 154704 and 448272?
528
What is the highest common divisor of 1836 and 7365828?
204
Calculate the highest common divisor of 2318 and 674006.
38
What is the highest common divisor of 3632 and 79365556?
908
What is the highest common factor of 99 and 208010?
11
What is the greatest common factor of 106540 and 5820?
20
What is the greatest common factor of 80164 and 118568282?
5726
What is the greatest common factor of 4379936 and 14168?
2024
What is the highest common divisor of 84 and 11503324?
28
Calculate the highest common divisor of 567 and 3631418.
7
Calculate the highest common divisor of 2255 and 10312544.
11
Calculate the highest common divisor of 1816451 and 26.
13
Calculate the highest common factor of 79255 and 98010.
605
Calculate the greatest common factor of 380201 and 11.
1
What is the greatest common factor of 217940 and 67286?
34
Calculate the highest common divisor of 305831 and 1863.
23
What is the highest common factor of 129998 and 5287?
311
What is the greatest common divisor of 242030 and 3115?
5
What is the greatest common divisor of 11347 and 1603?
7
Calculate the greatest common factor of 45449 and 168354.
47
What is the greatest common factor of 3632 and 14266723?
227
What is the greatest common divisor of 22509 and 2103097?
61
What is the highest common factor of 21119985 and 116745?
2715
What is the greatest common factor of 6902432 and 1189?
41
Calculate the greatest common factor of 5548 and 1864736.
76
What is the greatest common divisor of 923312 and 72761?
2509
What is the highest common factor of 1292 and 43275353?
17
Calculate the highest common divisor of 247740251 and 1507.
1507
What is the greatest common divisor of 1242141 and 1978?
43
Calculate the highest common divisor of 126358704 and 22032.
1296
What is the highest common factor of 615 and 8001601?
41
Calculate the highest common factor of 278303 and 33590647.
5251
What is the highest common divisor of 21063921 and 1668?
417
What is the greatest common factor of 75416 and 525847487?
9427
What is the greatest common divisor of 4562987 and 51?
17
Calculate the greatest common divisor of 46799900 and 70.
70
Calculate the greatest common factor of 2530 and 485170050.
230
What is the highest common factor of 91462 and 8221052?
658
Calculate the highest common divisor of 82641186 and 381.
381
What is the greatest common factor of 116029 and 1073?
29
Calculate the highest common divisor of 47392016 and 3332.
196
What is the greatest common divisor of 541 and 3453177032?
541
What is the highest common factor of 1884 and 1140291?
471
What is the highest common divisor of 28461984 and 2064?
48
What is the highest common divisor of 12899450 and 100?
50
Calculate the highest common factor of 687505 and 51849965.
7555
Calculate the greatest common factor of 222004 and 380.
4
What is the greatest common factor of 24 and 33146268?
12
What is the highest common factor of 663365 and 100?
5
What is the highest common divisor of 25875 and 350405?
115
Calculate the greatest common factor of 8032443 and 426.
213
Calculate the greatest common divisor of 507 and 71619.
3
Calculate the highest common divisor of 2931489 and 1947.
33
What is the greatest common factor of 114 and 8227456?
38
What is the highest common factor of 741 and 92677?
13
What is the highest common factor of 6570475 and 725?
25
Calculate the greatest common divisor of 1696 and 12325097.
53
What is the greatest common divisor of 243411 and 1903?
173
What is the greatest common divisor of 399250 and 177750?
250
What is the highest common divisor of 2743110 and 220?
10
What is the greatest common factor of 52 and 23840232?
52
Calculate the highest common factor of 105 and 255942267.
21
What is the greatest common factor of 337350 and 11154?
78
Calculate the greatest common divisor of 1340080 and 154700.
140
Calculate the greatest common divisor of 679328 and 638432.
2272
What is the highest common divisor of 11645280 and 324?
36
Calculate the greatest common factor of 54125 and 913630.
2165
What is the greatest common factor of 12508 and 788428?
212
What is the greatest common divisor of 15786 and 45360?
18
What is the greatest common factor of 42 and 487389?
21
What is the greatest common divisor of 518136542 and 434?
434
What is the highest common factor of 3456 and 397852992?
1728
Calculate the greatest common divisor of 5879886 and 2075.
83
Calculate the greatest common divisor of 21777 and 238.
119
What is the greatest common divisor of 3 and 218166168?
3
Calculate the highest common factor of 77402750 and 175068.
3242
What is the greatest common divisor of 522 and 14279256?
18
Calculate the greatest common divisor of 309934262 and 1034.
1034
What is the highest common divisor of 11572376 and 170?
34
What is the highest common factor of 243120 and 1468080?
240
What is the greatest common divisor of 349239 and 2409?
33
Calculate the greatest common divisor of 12756 and 2688922280.
4252
What